ose -o = -8*o + r. Let k be ((-36)/(-15))/(3/10). Calculate the greatest common factor of o and k.
8
Suppose -5*q + 97 = y, -349 - 103 = -4*y - 4*q. Let d = -4 - -6. Suppose x + 3*z = -d*z + 45, 2*x + z - y = 0. Calculate the greatest common factor of x and 20.
20
Let r = 665 - 113. Let o = -230 + r. Let q be (-1)/2 - o/(-4). Calculate the highest common divisor of 32 and q.
16
Let d(m) = 3 + 0*m**2 - 5*m**2 + 4*m**2 + 11*m. Let o be d(10). Suppose 0 = 5*h + 43 - 108. Calculate the highest common divisor of o and h.
13
Let z = 935 - 863. Let h(v) = v**2 + 7*v + 1. Let t be h(-11). Calculate the greatest common divisor of z and t.
9
Let n = 13031 + -6437. Calculate the greatest common divisor of 42 and n.
42
Let q be 152/(-57)*3/(-2). Suppose 4*f - 5*x = 163, -3*x - 83 = -q*f + 2*f. Suppose f - 1 = 9*u. Calculate the highest common factor of u and 32.
4
Suppose -128 = -7*v + 3*v. Suppose -1615 = -3*g - 2*g. Suppose 3*r + g = 4*s, 0 = 3*s - 2*r - r - 243. Calculate the greatest common factor of v and s.
16
Let n(g) be the first derivative of g**4/2 + 20*g**3/3 + g**2 + 22*g + 51. Let i be n(-10). What is the highest common factor of i and 5?
1
Suppose -7*x + 8*x = 0. Suppose 5*g = -3*p + 144, -4*p + x*p = -3*g - 163. Let j = 81 - p. Calculate the highest common divisor of 95 and j.
19
Suppose 5*o = -3 + 18. Suppose 60 = -2*p + o*p. Calculate the greatest common factor of 12 and p.
12
Let n = -158 + 193. Suppose 17 = -4*l + 157. What is the highest common factor of l and n?
35
Let g be (9/(-3) - (-638 - -9))/(-2). Let c = g + 322. What is the greatest common divisor of 63 and c?
9
Let j = -7816 - -10423. Calculate the greatest common divisor of j and 237.
237
Let j(b) = 30*b**2. Let x be j(-1). Let k = -302 - -352. Let r be (-20)/4 - 3*k/(-6). Calculate the greatest common divisor of r and x.
10
Let t = 2 + 4. Let o(i) = i**2 - i - 1. Let s be o(2). Let x be (-66)/(-21) - s/7. What is the highest common divisor of x and t?
3
Let f = -1614 - -1749. What is the highest common divisor of 243 and f?
27
Let t = 1779 + -1576. Calculate the highest common factor of 667 and t.
29
Let v be (-48)/(-120)*(1*(4 - -23) + -2). What is the greatest common divisor of 1250 and v?
10
Let v(h) = 12*h**2 + 46*h + 15. Let l be v(-6). Suppose -4*q - 63 = -11*q. What is the highest common divisor of l and q?
9
Let j(s) = -7*s**3 - 63*s**2 + s + 30. Let k be j(-9). Calculate the highest common factor of k and 161.
7
Suppose -7*c + 9*c = 5*p + 531, p = 5. Suppose -2*m + c = -142. Suppose 10*o + m = 17*o. What is the highest common divisor of o and 70?
10
Suppose r = 5*d + 163, -2*d - 616 = -3*r - r. Let u = 23 + -14. Calculate the highest common factor of u and r.
9
Suppose -35*r + 14 = -28*r. Suppose -5*s + 26 = -3*v + 82, r*v - 2*s - 32 = 0. Calculate the greatest common divisor of v and 52.
4
Let t(o) = -o**3 + 3*o**2 - 19*o + 65. Let i be t(3). Calculate the highest common factor of i and 212.
4
Let h = -55 - -58. Suppose -4*x - 316 = -5*t, -2*t = 2*t - h*x - 252. What is the highest common factor of 90 and t?
30
Let x be (-2)/6 + 220/30. Suppose -3*g - x + 66 = 5*c, 3*c - 42 = -4*g. Suppose -4*b - 378 = -c*b. Calculate the highest common divisor of 7 and b.
7
Let z = 3342 + -3055. Calculate the highest common divisor of z and 7.
7
Suppose -52 = -4*d - z + 3*z, 34 = 3*d + z. Suppose 4 = -3*f + 5*k, -2*f + d = 3*f + k. What is the highest common divisor of 6 and f?
2
Let b be (-13668)/(-459) + (-8)/(-36). What is the greatest common factor of 1920 and b?
30
Suppose 2*c = 7 - 9. Let u be -5*(-145 - -3) + (-3)/c. Suppose 4*b = -2*z + 442 + 128, -2*z = 5*b - u. What is the highest common factor of 13 and b?
13
Let x(c) = c**2 - 8*c - 41. Let v be x(-3). Let m be (v - 242/(-33)) + 940/6. What is the highest common divisor of 24 and m?
12
Let y(n) = n**2 + 90*n - 807. Let w be y(9). Suppose -3*g + 420 = -g. Calculate the highest common factor of w and g.
42
Suppose -12*b + 1210 + 129 = -269. What is the greatest common divisor of 50 and b?
2
Suppose -3*j + 1289 = 7*l - 1408, l = -3. Calculate the greatest common factor of 151 and j.
151
Let u(x) be the second derivative of 10*x**3/3 + 6*x**2 - 28*x. Let n be u(-8). Let y = n + 247. What is the highest common factor of 11 and y?
11
Suppose 4*l + 191 - 43 = 0. Let k = l + 37. Suppose k*p = p - 6. What is the highest common divisor of 54 and p?
6
Let b be (121 + -1)/1 - 1. Suppose 1080 = 3*v + 19*n - 16*n, -v = 3*n - 364. Let l = -341 + v. Calculate the highest common divisor of b and l.
17
Let q = -1574 + 2183. Calculate the greatest common divisor of q and 168.
21
Let i be 226/3 - 2/6. Let m(z) = -z**3 - 10*z**2 - 6*z + 17. Let h be m(-9). Let c be (-235)/h - 12/(-8). Calculate the highest common divisor of i and c.
25
Let z(x) be the first derivative of -x**2 - 10*x + 68. Let w be z(-10). Calculate the greatest common divisor of 730 and w.
10
Suppose 3*r = 4*u + 740, -3*r - 227 = u - 972. Calculate the highest common divisor of r and 775.
31
Suppose d - 20*k + 23*k = 61, 0 = 3*d + 4*k - 178. What is the greatest common factor of 3509 and d?
29
Suppose 33*q = 35*q + 10, -3*j - 7 = 2*q. Suppose j = 10*v - 29. Let m(y) = y**3 - 7*y**2 + y - 2. Let n be m(7). What is the greatest common factor of n and v?
1
Let d be ((-54)/(-45))/((-6)/40). Let k be (d/(-6))/(3*(-2)/(-99)). Suppose -4*g - 8 = -2*l + k, 3*g = -9. What is the greatest common divisor of l and 3?
3
Suppose 608 = 4*t + 2*r, 81*r + 495 = 3*t + 76*r. Calculate the greatest common factor of 2914 and t.
31
Let h be (-3)/6 - (63505/(-2) + (33 - 28)). What is the greatest common factor of h and 53?
53
Let c(j) = j**3 - 11*j**2 + 23*j - 73. Let i be c(10). Calculate the highest common divisor of i and 1045.
19
Let w = 33 + -31. Suppose -w*v - 2 = 2*z - 20, 0 = -v + 4. Suppose -3*q = -z*q + 3*p + 34, -62 = -2*q - 4*p. What is the greatest common factor of 23 and q?
23
Suppose -31 = -4*x + 21. Let n = x + -5. Suppose 5*w - n*w = -36. Calculate the greatest common divisor of w and 36.
12
Suppose 5*z + 3*p - 2 - 4 = 0, 3*p + 6 = -z. Suppose 0 = 4*v - z*o - 76, 2*v - v + 4*o = 0. Calculate the greatest common divisor of v and 40.
8
Let q be -2*(204/(-8) - 2). Suppose -46*g - 1170 = -q*g. Calculate the highest common factor of 26 and g.
26
Let z(r) = 2*r + 12. Let c be z(-4). Suppose 0 = -5*x - c + 64. Let t be 1348/14 - (-16)/(-56). Calculate the highest common divisor of x and t.
12
Let v = 21764 - 21763. Calculate the highest common factor of 163 and v.
1
Let o be (-8 - -40) + (-16 - -4) + 4. Calculate the highest common factor of 30 and o.
6
Let k = 14377 - 14089. What is the highest common divisor of k and 876?
12
Let y be (-754)/(-5) + 1/5 + -61 + 61. What is the greatest common divisor of y and 4?
1
Let k = -2908 - -3102. What is the greatest common divisor of k and 1843?
97
Let w = 205 - 91. Let m(h) = h**3 + 17*h**2 + 250*h + 1806. Let b be m(-10). Calculate the highest common factor of w and b.
6
Let z be 12340/160 + (-36)/288. Let m = 298 + 318. Calculate the highest common divisor of m and z.
77
Suppose -1145*r = -1149*r + 6857 + 3115. Calculate the highest common factor of r and 144.
9
Let d(m) = -14*m**3 + 7*m**2 - 15*m + 15. Let a be d(6). Let b be 46/161 - a/7. Calculate the greatest common divisor of b and 37.
37
Let i(g) = -4*g**3 + 14*g**2 + 184*g - 44. Let t be i(-8). Calculate the greatest common divisor of 2023 and t.
119
Let t = -61 - -62. Let o(p) = 56*p + 35. Let i be o(t). Calculate the greatest common divisor of 14 and i.
7
Let z = 4908 + -2416. Calculate the highest common factor of z and 84.
28
Suppose -2*j + 18050 = -4*m, 0 = 28*j + 2*m - 179498 - 73202. What is the highest common divisor of 75 and j?
25
Let v(j) = 11*j**2 + 401*j - 76. Let x be v(-38). What is the highest common divisor of x and 210?
30
Let a(o) = -205*o + 3. Let f be a(1). Let y = 204 + f. Calculate the highest common factor of 18 and y.
2
Let y = -319 + 316. Let i be ((-4)/y - 1) + (-1470)/(-126). What is the highest common divisor of 132 and i?
12
Suppose 4*s = h + 1946, -s + 492 = -3*h - 0*h. Let c = 19633 - 19579. What is the highest common divisor of c and s?
54
Suppose 1213 + 9668 = 28*s - 4239. What is the greatest common factor of 2052 and s?
108
Let x(r) = -15*r + 4